-- https://www.phpmyadmin.net/
--

START TRANSACTION;



--
-- Database: `kngroup`
--

-- --------------------------------------------------------

--
-- Table structure for table `about_content`
--

CREATE TABLE `about_content` (
  `about_content_id` int(11) NOT NULL,
  `about_content` text DEFAULT NULL
) ENGINE=InnoDB DEFAULT CHARSET=latin1 COLLATE=latin1_swedish_ci;

--
-- Dumping data for table `about_content`
--

INSERT INTO `about_content` (`about_content_id`, `about_content`) VALUES
(1, '<p><span dir=\"rtl\"><big><strong>&trade;<span dir=\"ltr\">Brinell Scott</span></strong></big></span></p>\r\n\r\n<p><span dir=\"ltr\"><small><big>With an idea to promote right living and right eating <strong>Brinell Scott&trade;</strong> has evolved many years perfecting its products. We strive to bring secrets of Superfoods which kept many civilization and cultures Hail and Healthy.</big></small></span></p>\r\n\r\n<p><span dir=\"ltr\">Dead food and Highly processed food has been destroying its micro Nutrients, change in food habits and lifestyle has been the major factor affecting the last generation and current generation. <strong>Brinell Scott&trade;</strong> will bring back Naturally bio active food products and foods with high micro and macro Nutrients will soon be bought from differnt Cultures, Civilization and periods right on your Table.</span></p>\r\n\r\n<p>&nbsp;</p>\r\n');

-- --------------------------------------------------------

--
-- Table structure for table `blog_content`
--

CREATE TABLE `blog_content` (
  `blog_content_id` int(11) NOT NULL,
  `blog_content` text DEFAULT NULL,
  `blog_message` text DEFAULT NULL,
  `blog_title` varchar(100) DEFAULT NULL,
  `blog_image` varchar(200) DEFAULT NULL
) ENGINE=InnoDB DEFAULT CHARSET=latin1 COLLATE=latin1_swedish_ci;

-- --------------------------------------------------------

--
-- Table structure for table `contact_add`
--

CREATE TABLE `contact_add` (
  `contact_add_id` int(11) NOT NULL,
  `contact_email` varchar(100) DEFAULT NULL,
  `contact_phone` varchar(100) DEFAULT NULL
) ENGINE=InnoDB DEFAULT CHARSET=latin1 COLLATE=latin1_swedish_ci;

-- --------------------------------------------------------

--
-- Table structure for table `home_icon`
--

CREATE TABLE `home_icon` (
  `id` int(11) NOT NULL,
  `home_image` varchar(100) DEFAULT NULL,
  `home_image_name` varchar(100) DEFAULT NULL,
  `organic_menu_id` int(11) DEFAULT NULL
) ENGINE=InnoDB DEFAULT CHARSET=latin1 COLLATE=latin1_swedish_ci;

--
-- Dumping data for table `home_icon`
--

INSERT INTO `home_icon` (`id`, `home_image`, `home_image_name`, `organic_menu_id`) VALUES
(1, '78335421_75037595_Kurties.jpg', 'Kurtis', 1),
(2, '10876409_images (1).jpeg', 'Jeans', 4),
(3, '27720642_designer-kurtis-suits-and-leggings-1000x1000.jpg', 'Legings', 2);

-- --------------------------------------------------------

--
-- Table structure for table `home_slider`
--

CREATE TABLE `home_slider` (
  `slider_id` int(11) NOT NULL,
  `slider_image` varchar(100) DEFAULT NULL
) ENGINE=MyISAM DEFAULT CHARSET=latin1 COLLATE=latin1_swedish_ci;

--
-- Dumping data for table `home_slider`
--

INSERT INTO `home_slider` (`slider_id`, `slider_image`) VALUES
(60, '77469734_uwu.png'),
(63, '71785823_devikatextile1.jpg'),
(62, '66714247_devikatextile3.jpg'),
(67, '95227444_12333.png'),
(59, '54970471_ds.png');

-- --------------------------------------------------------

--
-- Table structure for table `offers`
--

CREATE TABLE `offers` (
  `offers_id` int(11) NOT NULL,
  `offers_url` text DEFAULT NULL
) ENGINE=InnoDB DEFAULT CHARSET=latin1 COLLATE=latin1_swedish_ci;

--
-- Dumping data for table `offers`
--

INSERT INTO `offers` (`offers_id`, `offers_url`) VALUES
(1, '<iframe width=\"853\" height=\"480\" src=\"https://www.youtube.com/embed/WtagTI7_l6U\" title=\"Manufacturing South India sarees, soft silk, Kanchipuram silk sarees, Gadwal Kalyani cotton sarees\" frameborder=\"0\" allow=\"accelerometer; autoplay; clipboard-write; encrypted-media; gyroscope; picture-in-picture; web-share\" referrerpolicy=\"strict-origin-when-cross-origin\" allowfullscreen></iframe>'),
(2, '<iframe width=\"853\" height=\"480\" src=\"https://www.youtube.com/embed/4PaA19eMHIc\" title=\"Manufacturing South India sarees, soft silk, Kanchipuram silk sarees, Pure cotton, bridal sarees.\" frameborder=\"0\" allow=\"accelerometer; autoplay; clipboard-write; encrypted-media; gyroscope; picture-in-picture; web-share\" referrerpolicy=\"strict-origin-when-cross-origin\" allowfullscreen></iframe>'),
(3, '<iframe width=\"560\" height=\"315\" src=\"https://www.youtube.com/embed/rwMDak94uJo?si=p7zSrIGfvAiVkqf9\" title=\"YouTube video player\" frameborder=\"0\" allow=\"accelerometer; autoplay; clipboard-write; encrypted-media; gyroscope; picture-in-picture; web-share\" referrerpolicy=\"strict-origin-when-cross-origin\" allowfullscreen></iframe>'),
(4, '<iframe width=\"853\" height=\"480\" src=\"https://www.youtube.com/embed/--MtNJJxaig\" title=\"Kuppdam Silk cotton saree low cost budget sarees available at manufacturing , Elampillai Silk sarees\" frameborder=\"0\" allow=\"accelerometer; autoplay; clipboard-write; encrypted-media; gyroscope; picture-in-picture; web-share\" referrerpolicy=\"strict-origin-when-cross-origin\" allowfullscreen></iframe>'),
(5, '<iframe width=\"853\" height=\"480\" src=\"https://www.youtube.com/embed/6XuAjtL9BkQ\" title=\"Traditional ware South Indian kids dress and full frock leastest designs collection available\" frameborder=\"0\" allow=\"accelerometer; autoplay; clipboard-write; encrypted-media; gyroscope; picture-in-picture; web-share\" referrerpolicy=\"strict-origin-when-cross-origin\" allowfullscreen></iframe>'),
(6, '<iframe width=\"853\" height=\"480\" src=\"https://www.youtube.com/embed/u9QS-D8b2lA\" title=\"Manufacturing South India, Kanchipuram Bridal silk sarees.\" frameborder=\"0\" allow=\"accelerometer; autoplay; clipboard-write; encrypted-media; gyroscope; picture-in-picture; web-share\" referrerpolicy=\"strict-origin-when-cross-origin\" allowfullscreen></iframe>'),
(7, '<iframe width=\"853\" height=\"480\" src=\"https://www.youtube.com/embed/IU6hq2t2j6M\" title=\"manufacturing gadwal kalyani cotton saree for more details +919488542089\" frameborder=\"0\" allow=\"accelerometer; autoplay; clipboard-write; encrypted-media; gyroscope; picture-in-picture; web-share\" referrerpolicy=\"strict-origin-when-cross-origin\" allowfullscreen></iframe>'),
(8, '<iframe width=\"773\" height=\"425\" src=\"https://www.youtube.com/embed/jCpNrUagDI4\" title=\"Kanchi Cotton saree Factory price\" frameborder=\"0\" allow=\"accelerometer; autoplay; clipboard-write; encrypted-media; gyroscope; picture-in-picture; web-share\" referrerpolicy=\"strict-origin-when-cross-origin\" allowfullscreen></iframe>'),
(9, '<iframe width=\"853\" height=\"480\" src=\"https://www.youtube.com/embed/1CEWlF8JbjQ\" title=\"Manufacturing South India sarees\" frameborder=\"0\" allow=\"accelerometer; autoplay; clipboard-write; encrypted-media; gyroscope; picture-in-picture; web-share\" referrerpolicy=\"strict-origin-when-cross-origin\" allowfullscreen></iframe>\r\n'),
(10, '<iframe width=\"853\" height=\"480\" src=\"https://www.youtube.com/embed/syxbP1kFM7c\" title=\"Soft silk collection/Kanchipuram soft silk sarees/affordable price/Bridal Collection Elampillai\" frameborder=\"0\" allow=\"accelerometer; autoplay; clipboard-write; encrypted-media; gyroscope; picture-in-picture; web-share\" referrerpolicy=\"strict-origin-when-cross-origin\" allowfullscreen></iframe>');

-- --------------------------------------------------------

--
-- Table structure for table `order_cart`
--

CREATE TABLE `order_cart` (
  `order_cart_id` int(11) NOT NULL,
  `address` varchar(100) DEFAULT NULL,
  `groupId` varchar(100) DEFAULT NULL,
  `memberName` varchar(100) DEFAULT NULL,
  `accountNumber` varchar(100) DEFAULT NULL,
  `aadharNumber` varchar(100) DEFAULT NULL,
  `monthlyIncome` int(11) DEFAULT NULL,
  `date` date DEFAULT NULL,
  `time` time DEFAULT NULL
) ENGINE=InnoDB DEFAULT CHARSET=latin1 COLLATE=latin1_swedish_ci;

-- --------------------------------------------------------

--
-- Table structure for table `organic_menu`
--

CREATE TABLE `organic_menu` (
  `organic_menu_id` int(11) NOT NULL,
  `organic_menu` varchar(100) DEFAULT NULL,
  `organic_image` varchar(100) DEFAULT NULL,
  `memberName` varchar(100) NOT NULL,
  `gardianName` varchar(100) NOT NULL,
  `address` varchar(100) NOT NULL,
  `loanAmount` varchar(100) NOT NULL,
  `outStandingAmount` varchar(100) NOT NULL,
  `dueAmount` varchar(100) NOT NULL
) ENGINE=InnoDB DEFAULT CHARSET=latin1 COLLATE=latin1_swedish_ci;

--
-- Dumping data for table `organic_menu`
--

INSERT INTO `organic_menu` (`organic_menu_id`, `organic_menu`, `organic_image`, `memberName`, `gardianName`, `address`, `loanAmount`, `outStandingAmount`, `dueAmount`) VALUES
(1, 'sample', '71761244_logout.png', 'sample', 'sample', 'sample', 'sample', 'sample', '2000');

-- --------------------------------------------------------

--
-- Table structure for table `pincode_price`
--

CREATE TABLE `pincode_price` (
  `pincode_price_id` int(11) NOT NULL,
  `pincode` varchar(100) DEFAULT NULL,
  `price` varchar(100) DEFAULT NULL
) ENGINE=MyISAM DEFAULT CHARSET=latin1 COLLATE=latin1_swedish_ci;

--
-- Dumping data for table `pincode_price`
--

INSERT INTO `pincode_price` (`pincode_price_id`, `pincode`, `price`) VALUES
(4, '620001', '75'),
(5, '620002', '75'),
(6, '620003', '75'),
(7, '620004', '75'),
(8, '620005', '75'),
(9, '620006', '75'),
(10, '620007', '75'),
(12, '620009', '75'),
(13, '620010', '75'),
(14, '620011', '75'),
(15, '620012', '75'),
(16, '620008', '75'),
(17, '636004', '100');

-- --------------------------------------------------------

--
-- Table structure for table `privacy`
--

CREATE TABLE `privacy` (
  `privacy_content` text NOT NULL,
  `privacy_id` int(11) NOT NULL
) ENGINE=InnoDB DEFAULT CHARSET=latin1 COLLATE=latin1_swedish_ci;

--
-- Dumping data for table `privacy`
--

INSERT INTO `privacy` (`privacy_content`, `privacy_id`) VALUES
('<p><strong>What information do we collect ?</strong></p>\r\n\r\n<ul>\r\n	<li>We collect information from you when you place an order, subscribe to our newsletter or fill out a form.</li>\r\n	<li>When ordering or registering on our site, as appropriate, you may be asked to enter your: name, e-mail address, mailing address, phone number or credit card information. You may, however, visit our site anonymously.</li>\r\n	<li>Google, as a third party vendor, uses cookies to serve ads on your site. Google&#39;s use of the DART cookie enables it to serve ads to your users based on their visit to your sites and other sites on the Internet. Users may opt out of the use of the DART cookie by visiting the Google ad and content network privacy policy.</li>\r\n</ul>\r\n\r\n<p><strong>What do we use your information for? </strong></p>\r\n\r\n<ul>\r\n	<li>Any of the information we collect from you may be used in one of the following ways:</li>\r\n</ul>\r\n\r\n<p>-To personalize your experience</p>\r\n\r\n<p>(your information helps us to better respond to your individual needs)</p>\r\n\r\n<p>- To improve our website</p>\r\n\r\n<p>(we continually strive to improve our website offerings based on the information and feedback we receive from you)</p>\r\n\r\n<p>- To improve customer service</p>\r\n\r\n<p>(your information helps us to more effectively respond to your customer service requests and support needs)</p>\r\n\r\n<p>- To process transactions</p>\r\n\r\n<p>Your information, whether public or private, will not be sold, exchanged, transferred, or given to any other company for any reason whatsoever, without your consent, other than for the express purpose of delivering the purchased product or service requested.</p>\r\n\r\n<p>- To administer a contest, promotion, survey or other site feature</p>\r\n\r\n<p>- To send periodic emails</p>\r\n\r\n<p>The email address you provide for order processing, will only be used to send you information and updates pertaining to your order.</p>\r\n\r\n<p><strong>Note: If at any time you would like to unsubscribe from receiving future emails, we include detailed unsubscribe instructions at the bottom of each email.</strong></p>\r\n\r\n<p><strong>How do we protect your information? </strong></p>\r\n\r\n<ul>\r\n	<li>We implement a variety of security measures to maintain the safety of your personal information when you place an order or enter, submit, or access your personal information.</li>\r\n	<li>We offer the use of a secure server. All supplied sensitive/credit information is transmitted via Secure Socket Layer (SSL) technology and then encrypted into our Payment gateway providers database only to be accessible by those authorized with special access rights to such systems, and are required to?keep the information confidential.</li>\r\n	<li>After a transaction, your private information (credit cards, social security numbers, financials, etc.) will not be stored on our servers.</li>\r\n</ul>\r\n\r\n<p><strong>Do we use cookies? </strong></p>\r\n\r\n<ul>\r\n	<li>Yes (Cookies are small files that a site or its service provider transfers to your computers hard drive through your Web browser (if you allow) that enables the sites or service providers systems to recognize your browser and capture and remember certain information</li>\r\n	<li>We use cookies to help us remember and process the items in your shopping cart, keep track of advertisements and compile aggregate data about site traffic and site interaction so that we can offer better site experiences and tools in the future. We may contract with third-party service providers to assist us in better understanding our site visitors. These service providers are not permitted to use the information collected on our behalf except to help us conduct and improve our business.</li>\r\n</ul>\r\n\r\n<p><strong>Do we disclose any information to outside parties? </strong></p>\r\n\r\n<ul>\r\n	<li>We do not sell, trade, or otherwise transfer to outside parties your personally identifiable information. This does not include trusted third parties who assist us in operating our website, conducting our business, or servicing you, so long as those parties agree to keep this information confidential. We may also release your information when we believe release is appropriate to comply with the law, enforce our site policies, or protect ours or others rights, property, or safety. However, non-personally identifiable visitor information may be provided to other parties for marketing, advertising, or other uses.</li>\r\n</ul>\r\n\r\n<p><strong>Third party links </strong></p>\r\n\r\n<ul>\r\n	<li>Occasionally, at our discretion, we may include or offer third party products or services on our website. These third party sites have separate and independent privacy policies. We therefore have no responsibility or liability for the content and activities of these linked sites. Nonetheless, we seek to protect the integrity of our site and welcome any feedback about these sites.</li>\r\n</ul>\r\n\r\n<p><strong>California Online Privacy Protection Act Compliance </strong></p>\r\n\r\n<ul>\r\n	<li>Because we value your privacy we have taken the necessary precautions to be in compliance with the California Online Privacy Protection Act. We therefore will not distribute your personal information to outside parties without your consent.</li>\r\n</ul>\r\n\r\n<p><s><strong>Childrens Online Privacy Protection Act Compliance </strong></s></p>\r\n\r\n<ul>\r\n	<li><s><strong>We are in compliance with the requirements of COPPA (Childrens Online Privacy Protection Act), we do not collect any information from anyone under 13 years of age. Our website, products and services are all directed to people who are at least 13 years old or older.</strong></s></li>\r\n</ul>\r\n\r\n<p><strong>Online Privacy Policy Only </strong></p>\r\n\r\n<ul>\r\n	<li>This online privacy policy applies only to information collected through our website and not to information collected offline.</li>\r\n</ul>\r\n\r\n<p><strong>Your Consent </strong></p>\r\n\r\n<ul>\r\n	<li>By using our site, you consent to our web site privacy policy.</li>\r\n</ul>\r\n\r\n<p><strong>Changes to our Privacy Policy </strong></p>\r\n\r\n<ul>\r\n	<li>If we decide to change our privacy policy, we will post those changes on this page.</li>\r\n</ul>\r\n', 2);

-- --------------------------------------------------------

--
-- Table structure for table `product`
--

CREATE TABLE `product` (
  `product_id` int(11) NOT NULL,
  `organic_menu_id` varchar(225) DEFAULT NULL,
  `sub_category_id` varchar(11) DEFAULT NULL,
  `mrp_price` varchar(100) DEFAULT NULL,
  `quantity` varchar(100) NOT NULL,
  `product_kg` varchar(100) DEFAULT NULL,
  `product_name` varchar(110) DEFAULT NULL,
  `product_description` text DEFAULT NULL,
  `product_ingredients` text DEFAULT NULL,
  `product_usage` text DEFAULT NULL,
  `product_features` text DEFAULT NULL,
  `product_price` double(10,2) DEFAULT NULL,
  `product_image` varchar(200) DEFAULT NULL,
  `status` varchar(225) DEFAULT NULL,
  `s.no` varchar(100) DEFAULT NULL
) ENGINE=InnoDB DEFAULT CHARSET=latin1 COLLATE=latin1_swedish_ci;

--
-- Dumping data for table `product`
--

INSERT INTO `product` (`product_id`, `organic_menu_id`, `sub_category_id`, `mrp_price`, `quantity`, `product_kg`, `product_name`, `product_description`, `product_ingredients`, `product_usage`, `product_features`, `product_price`, `product_image`, `status`, `s.no`) VALUES
(1, '8', '1', '', '', '', 'Bridal Wedding Silk Sarees', '', '', '', '', 0.00, '14733906_IMG_9655.jpg', '1', NULL),
(2, '8', '2', '', '', '', 'Fancy design soft silk sarees', '', '', '', '', 0.00, '83303538_PHOTO-2024-07-15-11-19-42 (4).jpg', '1', NULL),
(3, '8', '3', '', '', '', 'Borderless Soft Silk Sarees', '', '', '', '', 0.00, '1734780019557.jpg', '1', NULL),
(4, '8', '4', '', '', '', 'Kanchipuram Bridal Pure Silk Wedding Sarees', '', '', '', '', 0.00, '50756349_WhatsApp Image 2024-12-21 at 4.57.44 PM (2).jpeg', '1', NULL),
(5, '8', '5', '', '', '', 'Madisar Pure Silk Sarees', '', '', '', '', 0.00, '98662645_WhatsApp Image 2024-12-21 at 4.58.24 PM.jpeg', '1', NULL),
(6, '8', '7', '', '', '', 'Madisar Semi Silk Sarees', '', '', '', '', 0.00, '17825046_WhatsApp Image 2024-12-21 at 4.58.24 PM.jpeg', '1', NULL),
(7, '18', '8', '', '', '', 'Madisar 9 yard and 10 yard Kalyani cotton sarees', '', '', '', '', 0.00, '89882068_PHOTO-2024-07-02-11-25-54 (1)-Photoroom.png', '1', NULL),
(8, '18', '9', '', '', '', 'Kanchi Pure Cotton Sarees', '', '', '', '', 0.00, '51100984_WhatsApp Image 2024-12-13 at 9.53.25 AM (1).jpeg', '1', NULL),
(9, '18', '10', '', '', '', 'Chettinadu Pure Cotton Sarees', '', '', '', '', 0.00, '64994299_WhatsApp Image 2024-12-09 at 10.37.36 AM.jpeg', '1', NULL),
(10, '18', '11', '', '', '', 'Soft Pure Cotton Linen type ', '', '', '', '', 0.00, '89767017_IMG_1651.jpg', '1', NULL),
(11, '18', '12', '', '', '', 'Fancy Pure Cotton Sarees', '', '', '', '', 0.00, '45471482_WhatsApp Image 2024-12-18 at 2.59.11 PM (5).jpeg', '1', NULL),
(12, '18', '13', '', '', '', 'Gadwal Kalyani cotton sarees ', '', '', '', '', 0.00, '1734792454-2024-08-06-17-22-06_(14)-Photoroom.png', '1', NULL),
(13, '19', '14', '', '', '', 'Kuppdam Fancy Silk Cotton Sarees', '', '', '', '', 0.00, '93757926_WhatsApp Image 2024-12-19 at 2.47.32 PM.jpeg', '1', NULL),
(14, '21', '15', '', '', '', 'Kerala Fancy Tissue sarees ', '', '', '', '', 0.00, '52579526_WhatsApp Image 2024-12-21 at 8.33.06 PM.jpeg', '1', NULL),
(15, '21', '16', '', '', '', 'Kerala Set mundu', '', '', '', '', 0.00, '38877655_WhatsApp Image 2024-12-21 at 8.33.02 PM.jpeg', '1', NULL),
(16, '21', '17', '', '', '', 'Fancy Half Sarees Dhavani set', '', '', '', '', 0.00, '13413084_PHOTO-2024-05-08-13-04-34 (10)-Photoroom.png', '1', NULL),
(17, '21', '18', '', '', '', 'Fancy Print Sarees', '', '', '', '', 0.00, '89977781_print22.jpg', '1', NULL),
(18, '22', '20', '', '', '', 'Traditional Wear Half Dhavani set', '', '', '', '', 0.00, '28015548_HNP07224 .jpg', '1', NULL),
(19, '22', '21', '', '', '', 'Kids Pattu Pavadi Set & Frock', '', '', '', '', 0.00, '95098429_WhatsApp Image 2024-10-26 at 11.59.20 AM.jpeg', '1', NULL),
(20, '24', '22', '', '', '', 'Dhoti and Shirt', '', '', '', '', 0.00, '45292429_WhatsApp Image 2024-12-21 at 12.56.14 PM.jpeg', '1', NULL),
(21, '23', '19', '', '', '', 'Blouse Gift Purpose ', '', '', '', '', 0.00, '31311530_img-20210101-wa0067-1000x1000.jpg', '1', NULL),
(22, '18', '23', '', '', '', 'Maheshwari Cotton sarees', '', '', '', '', 0.00, '32754200_WhatsApp Image 2025-01-01 at 9.35.53 AM.jpeg', '1', NULL);

-- --------------------------------------------------------

--
-- Table structure for table `product_image`
--

CREATE TABLE `product_image` (
  `product_image_id` int(11) NOT NULL,
  `product_id` varchar(255) DEFAULT NULL,
  `image_url` varchar(255) DEFAULT NULL,
  `mrp_rate` varchar(100) DEFAULT NULL,
  `product_rate` varchar(100) DEFAULT NULL
) ENGINE=InnoDB DEFAULT CHARSET=latin1 COLLATE=latin1_swedish_ci;

--
-- Dumping data for table `product_image`
--

INSERT INTO `product_image` (`product_image_id`, `product_id`, `image_url`, `mrp_rate`, `product_rate`) VALUES
(22, '15', '1731154132745438.jpg', NULL, NULL),
(23, '15', '17311541325803.jpg', NULL, NULL),
(38, '27', '1734078108HOTO-2024-07-24-16-55-54.jpg', NULL, NULL),
(39, '27', '1734078108HOTO-2024-02-15-17-36-52_(4).jpg', NULL, NULL),
(40, '27', '1734078108HOTO-2024-02-15-17-36-52.jpg', NULL, NULL),
(41, '27', '1734078108HOTO-2024-04-10-21-20-02_(1).jpg', NULL, NULL),
(45, '23', '1734174696HOTO-2024-07-15-11-19-42_(1).jpg', NULL, NULL),
(46, '23', '1734174696HOTO-2024-07-15-11-19-42_(2).jpg', NULL, NULL),
(47, '23', '1734174696HOTO-2024-07-15-11-19-42_(3).jpg', NULL, NULL),
(48, '23', '1734174696HOTO-2024-07-15-11-19-42_(4).jpg', NULL, NULL),
(52, '23', '1734175504HOTO-2024-07-15-11-19-42_(5).jpg', NULL, NULL),
(53, '23', '1734175504HOTO-2024-07-15-11-19-42_(6).jpg', NULL, NULL),
(54, '23', '1734175504HOTO-2024-07-15-11-19-42_(7).jpg', NULL, NULL),
(55, '23', '1734175504HOTO-2024-07-15-11-19-42_(8).jpg', NULL, NULL),
(56, '23', '1734175530HOTO-2024-07-15-11-19-42_(11).jpg', NULL, NULL),
(57, '23', '1734175530HOTO-2024-07-15-11-19-42_(50).jpg', NULL, NULL),
(58, '26', '1734175724hatsApp_Image_2024-12-14_at_12.43', NULL, NULL),
(62, '26', '1734175757hatsApp_Image_2024-12-14_at_12.43', NULL, NULL),
(63, '26', '1734175919hatsApp_Image_2024-12-14_at_12.43', NULL, NULL),
(64, '26', '1734175941hatsApp_Image_2024-12-14_at_12.43', NULL, NULL),
(74, '1', '1734753264hatsApp_Image_2024-12-20_at_21.31', NULL, NULL),
(75, '1', '1734753270MG-20241220-WA0025.jpg', NULL, NULL),
(80, '1', '1734754165ew_bridal24.jpg', NULL, NULL),
(81, '1', '1734754458MG_9645.jpg', NULL, NULL),
(82, '1', '1734754459MG_9646.jpg', NULL, NULL),
(83, '1', '1734754459MG_9649.jpg', NULL, NULL),
(84, '1', '1734754486MG_9651.jpg', NULL, NULL),
(85, '1', '1734754486MG_9655.jpg', NULL, NULL),
(86, '1', '1734754487MG_9653.jpg', NULL, NULL),
(88, '1', '1734754635MG_9655.jpg', NULL, NULL),
(90, '2', '1734758260hatsApp_Image_2024-10-26_at_11.53', NULL, NULL),
(91, '2', '1734758268hatsApp_Image_2024-10-26_at_11.53', NULL, NULL),
(92, '2', '1734758280hatsApp_Image_2024-10-26_at_11.54', NULL, NULL),
(93, '2', '1734758375HOTO-2024-07-15-11-19-42_(49)-Photoroom.png', NULL, NULL),
(94, '2', '1734758376HOTO-2024-07-15-11-19-42_(1)-Photoroom.png', NULL, NULL),
(95, '2', '1734758378HOTO-2024-07-15-11-19-42_(3)-Photoroom.png', NULL, NULL),
(96, '2', '1734758379HOTO-2024-07-15-11-19-42_(6)-Photoroom.png', NULL, NULL),
(97, '2', '1734758662HOTO-2024-06-29-12-31-48.jpg', NULL, NULL),
(98, '2', '1734759459HOTO-2024-07-15-11-19-42_(11).jpg', NULL, NULL),
(99, '2', '1734760874HOTO-2024-07-15-11-19-42.jpg', NULL, NULL),
(100, '3', '1734780037MG_0557.jpg', NULL, NULL),
(101, '3', '1734780058MG_0558.jpg', NULL, NULL),
(102, '3', '1734780059MG_0560.jpg', NULL, NULL),
(105, '3', '1734780077hatsApp_Image_2024-10-26_at_11.46', NULL, NULL),
(108, '3', '1734780176HOTO-2024-04-05-15-54-53_(1).jpg', NULL, NULL),
(109, '3', '1734780176HOTO-2024-04-05-15-54-53_(2).jpg', NULL, NULL),
(110, '3', '1734780176HOTO-2024-04-05-15-54-53_(3).jpg', NULL, NULL),
(111, '3', '1734780176HOTO-2024-04-05-15-54-53.jpg', NULL, NULL),
(112, '4', '1734781223hatsApp_Image_2024-12-21_at_4.57', NULL, NULL),
(113, '4', '1734781234hatsApp_Image_2024-12-21_at_4.57', NULL, NULL),
(114, '4', '1734781245hatsApp_Image_2024-12-21_at_4.57', NULL, NULL),
(115, '4', '1734781263hatsApp_Image_2024-12-21_at_4.57', NULL, NULL),
(116, '4', '1734782864hatsApp_Image_2024-12-21_at_4.57', NULL, NULL),
(117, '4', '1734782865hatsApp_Image_2024-12-21_at_4.57', NULL, NULL),
(118, '4', '1734782867hatsApp_Image_2024-12-21_at_4.57', NULL, NULL),
(119, '5', '1734783058hatsApp_Image_2024-12-21_at_4.58', NULL, NULL),
(120, '5', '1734783087hatsApp_Image_2024-12-21_at_4.58', NULL, NULL),
(121, '5', '1734783088hatsApp_Image_2024-12-21_at_4.58', NULL, NULL),
(122, '5', '1734783089hatsApp_Image_2024-12-21_at_4.58', NULL, NULL),
(123, '5', '1734783091hatsApp_Image_2024-12-21_at_4.58', NULL, NULL),
(124, '5', '1734783114hatsApp_Image_2024-12-21_at_4.58', NULL, NULL),
(125, '5', '1734783116hatsApp_Image_2024-12-21_at_4.58', NULL, NULL),
(126, '5', '1734783117hatsApp_Image_2024-12-21_at_4.58', NULL, NULL),
(127, '6', '1734783307hatsApp_Image_2024-12-21_at_4.58', NULL, NULL),
(128, '6', '1734783320hatsApp_Image_2024-12-21_at_4.57', NULL, NULL),
(129, '6', '1734783398hatsApp_Image_2024-12-21_at_4.57', NULL, NULL),
(130, '6', '1734783407hatsApp_Image_2024-12-21_at_4.57', NULL, NULL),
(131, '6', '1734783495hatsApp_Image_2024-12-21_at_4.58', NULL, NULL),
(132, '6', '1734783522hatsApp_Image_2024-12-21_at_4.58', NULL, NULL),
(133, '6', '1734783522hatsApp_Image_2024-12-21_at_4.58', NULL, NULL),
(134, '6', '1734783523hatsApp_Image_2024-12-21_at_4.58', NULL, NULL),
(135, '6', '1734783524hatsApp_Image_2024-12-21_at_4.58', NULL, NULL),
(136, '7', '1734783808HOTO-2024-07-02-11-25-54_(3)-Photoroom.png', NULL, NULL),
(137, '7', '1734783940HOTO-2024-07-02-11-25-54_(7)-Photoroom.png', NULL, NULL),
(138, '7', '1734783942HOTO-2024-07-02-11-25-54_(1)-Photoroom_(1).png', NULL, NULL),
(139, '7', '1734783944HOTO-2024-07-02-11-25-54-Photoroom.png', NULL, NULL),
(140, '7', '1734783975HOTO-2024-07-02-11-25-29_(10)-Photoroom.png', NULL, NULL),
(141, '7', '1734784007HOTO-2024-07-02-11-25-29_(5)-Photoroom.png', NULL, NULL),
(142, '7', '1734784049HOTO-2024-07-02-11-25-29_(2)-Photoroom.png', NULL, NULL),
(143, '8', '1734789288hatsApp_Image_2024-12-13_at_9.53', NULL, NULL),
(144, '8', '1734789323hatsApp_Image_2024-12-18_at_8.00', NULL, NULL),
(147, '8', '1734789324hatsApp_Image_2024-12-13_at_9.53', NULL, NULL),
(148, '8', '1734789340hatsApp_Image_2024-12-13_at_9.53', NULL, NULL),
(149, '8', '1734789351hatsApp_Image_2024-12-08_at_8.05', NULL, NULL),
(150, '8', '1734789356hatsApp_Image_2024-12-08_at_8.05', NULL, NULL),
(151, '8', '1734789377hatsApp_Image_2024-12-09_at_10.49', NULL, NULL),
(152, '8', '1734789377hatsApp_Image_2024-12-09_at_10.49', NULL, NULL),
(153, '8', '1734789378hatsApp_Image_2024-12-09_at_10.49', NULL, NULL),
(154, '8', '1734789378hatsApp_Image_2024-12-09_at_10.49', NULL, NULL),
(155, '9', '1734789559hatsApp_Image_2024-12-20_at_8.42', NULL, NULL),
(156, '9', '1734789575hatsApp_Image_2024-12-20_at_8.42', NULL, NULL),
(157, '9', '1734789717hatsApp_Image_2024-12-09_at_10.37', NULL, NULL),
(158, '9', '1734789740hatsApp_Image_2024-12-09_at_10.37', NULL, NULL),
(159, '9', '1734789741hatsApp_Image_2024-12-09_at_10.37', NULL, NULL),
(160, '9', '1734789742hatsApp_Image_2024-12-09_at_10.37', NULL, NULL),
(161, '9', '1734789743hatsApp_Image_2024-12-09_at_10.37', NULL, NULL),
(162, '10', '1734790285MG_1653.jpg', NULL, NULL),
(163, '10', '1734790290MG_1654.jpg', NULL, NULL),
(164, '10', '1734790300MG_1657.jpg', NULL, NULL),
(165, '10', '1734790309MG_1659.jpg', NULL, NULL),
(166, '10', '1734790318MG_1660.jpg', NULL, NULL),
(167, '10', '1734790324MG_1662.jpg', NULL, NULL),
(168, '10', '1734790329MG_1663_(1).jpg', NULL, NULL),
(169, '10', '1734790335MG_1663.jpg', NULL, NULL),
(170, '10', '1734790339MG_1656.jpg', NULL, NULL),
(171, '11', '1734791032hatsApp_Image_2024-12-18_at_2.59', NULL, NULL),
(172, '11', '1734791040hatsApp_Image_2024-12-18_at_2.59', NULL, NULL),
(173, '11', '1734791045hatsApp_Image_2024-12-18_at_2.59', NULL, NULL),
(174, '11', '1734791051hatsApp_Image_2024-12-18_at_2.59', NULL, NULL),
(175, '11', '1734791098hatsApp_Image_2024-12-18_at_2.59', NULL, NULL),
(176, '11', '1734791103hatsApp_Image_2024-12-18_at_2.59', NULL, NULL),
(177, '11', '1734791108hatsApp_Image_2024-12-18_at_2.59', NULL, NULL),
(182, '11', '1734791177hatsApp_Image_2024-12-18_at_2.59', NULL, NULL),
(183, '11', '1734791183hatsApp_Image_2024-12-18_at_2.59', NULL, NULL),
(184, '11', '1734791189hatsApp_Image_2024-12-18_at_2.59', NULL, NULL),
(185, '12', '17347924880D8TTXX7Z.GURU', NULL, NULL),
(186, '12', '17347926500D8TTXX7Z.HARI', NULL, NULL),
(187, '12', '17347926680D8TTXX70.AMMA', NULL, NULL),
(188, '12', '1734792692HOTO-2024-07-02-11-14-33_(5)-Photoroom.png', NULL, NULL),
(189, '12', '1734792743HOTO-2024-07-03-19-51-30_(9)-Photoroom.png', NULL, NULL),
(190, '12', '1734792783HOTO-2024-07-02-11-15-25_(6)-Photoroom.png', NULL, NULL),
(191, '12', '1734792886HOTO-2024-07-02-11-13-53_(3)-Photoroom.png', NULL, NULL),
(192, '12', '1734792957HOTO-2024-08-06-17-22-56_(18)-Photoroom.png', NULL, NULL),
(193, '12', '1734792975HOTO-2024-08-06-17-22-56_(18)-Photoroom.png', NULL, NULL),
(194, '12', '1734792976HOTO-2024-07-03-19-51-30_(6)-Photoroom.png', NULL, NULL),
(195, '13', '1734793128hatsApp_Image_2024-12-19_at_2.47', NULL, NULL),
(196, '13', '1734793138hatsApp_Image_2024-12-19_at_2.47', NULL, NULL),
(197, '13', '1734793146hatsApp_Image_2024-12-19_at_2.47', NULL, NULL),
(198, '13', '1734793153hatsApp_Image_2024-12-19_at_2.47', NULL, NULL),
(199, '13', '1734793161hatsApp_Image_2024-12-19_at_2.47', NULL, NULL),
(200, '13', '1734793174hatsApp_Image_2024-12-19_at_2.47', NULL, NULL),
(201, '13', '1734793216HOTO-2024-04-01-17-00-32_(3)-Photoroom.png', NULL, NULL),
(202, '13', '1734793298HOTO-2024-04-01-17-00-32_(7)-Photoroom.png', NULL, NULL),
(203, '13', '1734793299HOTO-2024-04-01-17-00-32_(4)-Photoroom.png', NULL, NULL),
(204, '13', '1734793300HOTO-2024-07-02-11-20-51_(12)-Photoroom.png', NULL, NULL),
(205, '14', '1734793511hatsApp_Image_2024-12-21_at_8.33', NULL, NULL),
(206, '14', '1734793516hatsApp_Image_2024-12-21_at_8.33', NULL, NULL),
(207, '14', '1734793521hatsApp_Image_2024-12-21_at_8.33', NULL, NULL),
(208, '14', '1734793525hatsApp_Image_2024-12-21_at_8.33', NULL, NULL),
(209, '14', '1734793530hatsApp_Image_2024-12-21_at_8.33', NULL, NULL),
(210, '14', '1734793534hatsApp_Image_2024-12-21_at_8.33', NULL, NULL),
(211, '14', '1734793539hatsApp_Image_2024-12-21_at_8.33', NULL, NULL),
(212, '16', '1734793755HOTO-2024-05-08-13-04-34_(10)-Photoroom.png', NULL, NULL),
(213, '16', '1734793785HOTO-2024-05-08-13-04-34_(10)-Photoroom.png', NULL, NULL),
(214, '16', '1734793786HOTO-2024-05-08-13-04-34_(7)-Photoroom.png', NULL, NULL),
(215, '16', '1734793812HOTO-2024-05-08-13-04-34_(4)-Photoroom.png', NULL, NULL),
(216, '16', '1734793827eralasa.jpg', NULL, NULL),
(217, '16', '1734793828eralasa.jpg', NULL, NULL),
(218, '17', '1734794304rint22.jpg', NULL, NULL),
(219, '17', '1734794353ew_print.jpg', NULL, NULL),
(220, '17', '1734794353hatsApp_Image_2024-12-21_at_8.44', NULL, NULL),
(221, '17', '1734794398hatsApp_Image_2024-12-21_at_8.44', NULL, NULL),
(223, '18', '1734795624NP07224_.jpg', NULL, NULL),
(224, '18', '1734795646NP00049__(1).jpg', NULL, NULL),
(225, '18', '1734795767NP07520_(1).jpg', NULL, NULL),
(226, '18', '1734795861alfsa.jpg', NULL, NULL),
(227, '18', '1734795861HOTO-2024-02-15-17-36-52_(5)-Photoroom.png', NULL, NULL),
(228, '18', '1734795862HOTO-2024-07-24-16-31-09-Photoroom.png', NULL, NULL),
(229, '18', '1734795863HOTO-2024-04-10-21-20-09-Photoroom.png', NULL, NULL),
(230, '18', '1734795880hatsApp_Image_2024-12-21_at_9.01', NULL, NULL),
(231, '18', '1734795901HOTO-2024-07-24-16-55-54_(2)-Photoroom.png', NULL, NULL),
(232, '18', '1734795914hatsApp_Image_2024-11-15_at_2.53', NULL, NULL),
(233, '19', '1735284138hatsApp_Image_2024-10-26_at_11.59', NULL, NULL),
(234, '19', '1735284214hatsApp_Image_2024-12-15_at_11.18', NULL, NULL),
(235, '19', '1735284244HOTO-2024-07-15-15-40-06_(15)-Photoroom_(2).png', NULL, NULL),
(236, '19', '1735284469HOTO-2024-07-15-15-40-06_(15)-Photoroom_(2).png', NULL, NULL),
(237, '19', '1735284571hatsApp_Image_2024-10-30_at_11.38', NULL, NULL),
(238, '19', '1735285632HOTO-2024-07-13-17-11-55_(28)-Photoroom_(1).png', NULL, NULL),
(239, '19', '1735285639HOTO-2024-07-13-17-11-55_(29)-Photoroom_(1).png', NULL, NULL),
(240, '19', '1735285646HOTO-2024-07-15-15-41-02_(18)-Photoroom.png', NULL, NULL),
(241, '19', '1735285740HOTO-2024-07-15-15-41-02_(18)-Photoroom.png', NULL, NULL),
(242, '19', '1735285806HOTO-2024-07-15-15-41-02_(19)-Photoroom.png', NULL, NULL),
(243, '19', '1735285843HOTO-2024-07-15-15-41-02_(19)-Photoroom.png', NULL, NULL),
(244, '19', '1735285845HOTO-2024-07-15-15-41-02_(20)-Photoroom.png', NULL, NULL),
(245, '19', '1735285846HOTO-2024-07-15-15-41-02_(21)-Photoroom.png', NULL, NULL),
(246, '19', '1735285847HOTO-2024-07-15-15-41-38_(11)-Photoroom.png', NULL, NULL),
(247, '20', '1735287035hatsApp_Image_2024-12-21_at_12.44', NULL, NULL),
(248, '20', '1735287040hatsApp_Image_2024-12-21_at_12.56', NULL, NULL),
(249, '20', '1735287052hatsApp_Image_2024-12-21_at_12.56', NULL, NULL),
(250, '20', '1735287057hatsApp_Image_2024-12-21_at_12.56', NULL, NULL),
(251, '20', '1735287064hatsApp_Image_2024-12-21_at_12.59', NULL, NULL),
(252, '20', '1735287081hatsApp_Image_2024-12-21_at_12.59', NULL, NULL),
(253, '20', '1735287101hatsApp_Image_2024-12-21_at_12.44', NULL, NULL),
(254, '20', '1735287111hatsApp_Image_2024-12-21_at_12.59', NULL, NULL),
(255, '20', '1735287130hatsApp_Image_2024-12-21_at_12.59', NULL, NULL),
(256, '20', '1735287132hatsApp_Image_2024-12-21_at_12.59', NULL, NULL),
(257, '21', '1735312844mg-20210101-wa0067-1000x1000.jpg', NULL, NULL),
(261, '22', '1735742797hatsApp_Image_2025-01-01_at_9.33', NULL, NULL),
(262, '22', '1735742840hatsApp_Image_2025-01-01_at_9.33', NULL, NULL),
(263, '22', '1735743223hatsApp_Image_2025-01-01_at_9.33', NULL, NULL),
(264, '22', '1735743238hatsApp_Image_2025-01-01_at_9.33', NULL, NULL),
(265, '22', '1735743244hatsApp_Image_2025-01-01_at_9.33', NULL, NULL),
(266, '22', '1735743266hatsApp_Image_2025-01-01_at_9.33', NULL, NULL),
(267, '22', '1735743274hatsApp_Image_2025-01-01_at_9.33', NULL, NULL),
(268, '22', '1735743504hatsApp_Image_2025-01-01_at_9.35', NULL, NULL),
(269, '22', '1735743512hatsApp_Image_2025-01-01_at_9.35', NULL, NULL),
(270, '22', '1735743518hatsApp_Image_2025-01-01_at_9.35', NULL, NULL);

-- --------------------------------------------------------

--
-- Table structure for table `services`
--

CREATE TABLE `services` (
  `customer_id` int(11) NOT NULL,
  `customer_name` varchar(100) NOT NULL,
  `mobile_no` varchar(100) NOT NULL,
  `address` varchar(100) NOT NULL,
  `service` varchar(255) NOT NULL,
  `sdate` date NOT NULL
) ENGINE=InnoDB DEFAULT CHARSET=latin1 COLLATE=latin1_swedish_ci;

-- --------------------------------------------------------

--
-- Table structure for table `social_media`
--

CREATE TABLE `social_media` (
  `social_media_id` int(11) NOT NULL,
  `facebook` varchar(255) DEFAULT NULL,
  `twitter` varchar(255) DEFAULT NULL,
  `google` varchar(255) DEFAULT NULL,
  `linkedin` varchar(255) DEFAULT NULL,
  `youtube` varchar(255) DEFAULT NULL
) ENGINE=InnoDB DEFAULT CHARSET=latin1 COLLATE=latin1_swedish_ci;

--
-- Dumping data for table `social_media`
--

INSERT INTO `social_media` (`social_media_id`, `facebook`, `twitter`, `google`, `linkedin`, `youtube`) VALUES
(9, 'https://www.facebook.com/', 'https://twitter.com/', 'https://www.google.com/', 'https://in.linkedin.com/', 'https://www.youtube.com/?gl=IN');

-- --------------------------------------------------------

--
-- Table structure for table `sub_category`
--

CREATE TABLE `sub_category` (
  `sub_category_id` int(11) NOT NULL,
  `address` varchar(11) DEFAULT NULL,
  `groupId` varchar(100) DEFAULT NULL,
  `memberName` varchar(100) DEFAULT NULL,
  `accountNumber` varchar(100) NOT NULL,
  `aadharNumber` varchar(100) NOT NULL,
  `monthlyIncome` int(11) NOT NULL,
  `cat_image` varchar(100) DEFAULT NULL
) ENGINE=InnoDB DEFAULT CHARSET=latin1 COLLATE=latin1_swedish_ci;

-- --------------------------------------------------------

--
-- Table structure for table `terms`
--

CREATE TABLE `terms` (
  `terms_content` text NOT NULL,
  `terms_id` int(11) NOT NULL
) ENGINE=InnoDB DEFAULT CHARSET=latin1 COLLATE=latin1_swedish_ci;

--
-- Dumping data for table `terms`
--

INSERT INTO `terms` (`terms_content`, `terms_id`) VALUES
('<p><strong>PRICES </strong></p>\r\n\r\n<ul>\r\n	<li>All prices quoted are on the basis of final confirmation at the time of order. Naga Ayurveda Products reserves the right to alter prices and will advise any changes at the time of order.</li>\r\n	<li>Naga Ayurveda Products reserves the right to decline or defer supply of any or all products.</li>\r\n	<li>Prices quoted will be on a specified basis as regards delivery and are exclusive of VAT where appropriate unless otherwise specified.</li>\r\n	<li>Unless otherwise indicated, all prices are in Indian Rupees.</li>\r\n</ul>\r\n\r\n<p><strong>DELIVERY </strong></p>\r\n\r\n<ul>\r\n	<li>Naga Ayurveda Products undertake and warrant to deliver goods in good order and condition up to the point of delivery / collection specified in the pricing terms.</li>\r\n	<li>Any claim in respect of non-delivery or damaged or missing goods must be made in writing within 7 days of the delivery being made and such goods must be signed for on this basis.</li>\r\n</ul>\r\n\r\n<p><strong>QUALITY </strong></p>\r\n\r\n<ul>\r\n	<li>Naga Ayurveda Products undertake and warrant to deliver goods of an agreed and merchantable quality.</li>\r\n	<li>Naga Ayurveda Products reserves the right to decline or defer supply Notwithstanding any statutory obligations. Naga Ayurveda Products reserves the right to replace or credit the value of any goods returned at our discretion. The cost of return carriage will generally be at the buyer&rsquo;s cost. Naga Ayurveda Products reserves the right to make a charge on a discretionary basis for the handling of return goods where there is no apparent cause for return as a result of quality or non-conformance (usually 10% of the value of the goods) and goods have not been tampered with, contaminated or otherwise rendered unusable.</li>\r\n</ul>\r\n\r\n<p><strong>PRODUCT SPECIFICATION / HEALTH &amp; SAFETY DATA </strong></p>\r\n\r\n<ul>\r\n	<li>Naga Ayurveda Products gives notice that it will on request provide data/specifications/certification and health &amp; safety data necessary to inform the buyer of the general characteristics and specific risks in handling its products.</li>\r\n</ul>\r\n\r\n<p><strong>SUITABILITY </strong></p>\r\n\r\n<ul>\r\n	<li>Naga Ayurveda Products will endeavor to the best of its abilities to provide products appropriate to the buyer&rsquo;s needs. However, the buyer should satisfy itself as to the ultimate suitability for the intended application and the products&rsquo; conformity to any legal requirements when used in the way intended. No liability is accepted in respect of any reputed therapeutic characteristic.</li>\r\n</ul>\r\n\r\n<p><strong>LIABILITY </strong></p>\r\n\r\n<ul>\r\n	<li>Notwithstanding the companies&rsquo; liability insurance, Naga Ayurveda Products limits its liability in ordinary circumstances to the cost only of the goods supplied or the replacement of the same. The buyer shall attempt to minimize any such liability in the event of a claim.</li>\r\n</ul>\r\n\r\n<p><strong>PAYMENT </strong></p>\r\n\r\n<ul>\r\n	<li>Where credit is offered payment of the price and VAT and any other applicable costs shall be due within 30 days of the date of the invoice supplied by the Seller, unless otherwise agreed in writing. In cases where credit is not offered payment will be required before release of goods by the Seller.</li>\r\n	<li>We understand and will exercise our statutory right to claim interest and compensation for debt recovery costs under the late payment legislation if we are not paid according to agreed credit terms.</li>\r\n	<li>The Seller reserves the right at the Seller&rsquo;s complete discretion to refuse to establish a credit account for any Buyer or to refuse credit to any Buyer notwithstanding that a credit account may already have been established, and to withdraw credit account facilities.</li>\r\n</ul>\r\n\r\n<p><strong>TITLE </strong></p>\r\n\r\n<ul>\r\n	<li>Naga Ayurveda Products reserves title in full to the goods until such time as payment in full has been made and the buyer shall hold goods such that Herbs in a Bottle can identify its title and legal ownership.</li>\r\n</ul>\r\n\r\n<p><strong>ASSIGNABILITY </strong></p>\r\n\r\n<ul>\r\n	<li>Any contract entered into is not assignable by the buyer without written consent of Naga Ayurveda Products.</li>\r\n</ul>\r\n\r\n<p><strong>CANCELLATION </strong></p>\r\n\r\n<ul>\r\n	<li>Naga Ayurveda Products reserves the right to make a discretionary charge in respect of a buyer&rsquo;s decision to cancel any contract. The contract shall be considered to be valid at the time of firm order either written or verbal.</li>\r\n</ul>\r\n\r\n<p><strong>FORCE MAJEURE </strong></p>\r\n\r\n<ul>\r\n	<li>The contract shall be subject to the usual considerations in respect of Force Majeure.</li>\r\n</ul>\r\n\r\n<p><strong>PROPER LAW </strong></p>\r\n\r\n<ul>\r\n	<li>Any contract shall ultimately be governed by Indian Law and both parties submit themselves to the non-exclusive jurisdiction of the Indian Courts.</li>\r\n</ul>\r\n\r\n<p><strong>DATA PROTECTION ACT 1998 </strong></p>\r\n\r\n<ul>\r\n	<li>We may transfer information about you to our Financiers, who:\r\n	<ol>\r\n		<li>May use, analyse and asses information about you, including the nature of your transactions, and exchange such information with other members of their group of companies and others for credit or financial assessment, market research, statistical analysis, insurance claim, underwriting and training purposes and in making payments and servicing their agreement with us;</li>\r\n		<li>From time to time may make searches of your record at credit reference agencies where you record with such agencies may include searches made and information given by other businesses, details of their searches will be kept by such agencies but will not be seen by other organisations that may make searches;</li>\r\n		<li>May give information about you and your indebtedness to the following:\r\n		<ol>\r\n			<li>Our or their insurers for underwriting and claims purposes;</li>\r\n			<li>Any guarantor or indemnifier of your or our obligations to enable them to assess such obligations;</li>\r\n			<li>Their bankers or any advisors acting on their behalf;</li>\r\n			<li>Any business to whom your indebtedness or our arrangement with our financiers may be transferred &ndash; to facilitate such transfer;</li>\r\n		</ol>\r\n		</li>\r\n		<li>May monitor and /or record any phone calls you may have with them, for training and /or security purposes;</li>\r\n		<li>In the event that they transfer all or any of their rights and obligations under their agreement with us to a third party, may transfer information about you to enable the third party to enforce their rights or comply with the obligations.</li>\r\n		<li>We will provide you with details of our financiers on request, including a contact telephone number if you want to have details of the credit reference agencies and other third parties referred to above from whom they may give information about you. You also have the right to receive a copy of certain information they hold about you apply to them in writing. However, a fee will be payable.</li>\r\n	</ol>\r\n	</li>\r\n</ul>\r\n', 2);

-- --------------------------------------------------------

--
-- Table structure for table `wishlist`
--

CREATE TABLE `wishlist` (
  `wishlist_id` int(12) NOT NULL,
  `user_id` varchar(100) NOT NULL,
  `product_id` varchar(100) NOT NULL,
  `cr_date` timestamp NOT NULL DEFAULT current_timestamp() ON UPDATE current_timestamp()
) ENGINE=MyISAM DEFAULT CHARSET=latin1 COLLATE=latin1_swedish_ci;

--
-- Indexes for dumped tables
--

--
-- Indexes for table `about_content`
--
ALTER TABLE `about_content`
  ADD PRIMARY KEY (`about_content_id`);

--
-- Indexes for table `blog_content`
--
ALTER TABLE `blog_content`
  ADD PRIMARY KEY (`blog_content_id`);

--
-- Indexes for table `contact_add`
--
ALTER TABLE `contact_add`
  ADD PRIMARY KEY (`contact_add_id`);

--
-- Indexes for table `home_icon`
--
ALTER TABLE `home_icon`
  ADD PRIMARY KEY (`id`);

--
-- Indexes for table `home_slider`
--
ALTER TABLE `home_slider`
  ADD PRIMARY KEY (`slider_id`);

--
-- Indexes for table `offers`
--
ALTER TABLE `offers`
  ADD PRIMARY KEY (`offers_id`);

--
-- Indexes for table `order_cart`
--
ALTER TABLE `order_cart`
  ADD PRIMARY KEY (`order_cart_id`);

--
-- Indexes for table `organic_menu`
--
ALTER TABLE `organic_menu`
  ADD PRIMARY KEY (`organic_menu_id`);

--
-- Indexes for table `pincode_price`
--
ALTER TABLE `pincode_price`
  ADD PRIMARY KEY (`pincode_price_id`);

--
-- Indexes for table `privacy`
--
ALTER TABLE `privacy`
  ADD PRIMARY KEY (`privacy_id`);

--
-- Indexes for table `product`
--
ALTER TABLE `product`
  ADD PRIMARY KEY (`product_id`);

--
-- Indexes for table `product_image`
--
ALTER TABLE `product_image`
  ADD PRIMARY KEY (`product_image_id`);

--
-- Indexes for table `services`
--
ALTER TABLE `services`
  ADD PRIMARY KEY (`customer_id`);

--
-- Indexes for table `social_media`
--
ALTER TABLE `social_media`
  ADD PRIMARY KEY (`social_media_id`);

--
-- Indexes for table `sub_category`
--
ALTER TABLE `sub_category`
  ADD PRIMARY KEY (`sub_category_id`);

--
-- Indexes for table `terms`
--
ALTER TABLE `terms`
  ADD PRIMARY KEY (`terms_id`);

--
-- Indexes for table `wishlist`
--
ALTER TABLE `wishlist`
  ADD PRIMARY KEY (`wishlist_id`);

--
-- AUTO_INCREMENT for dumped tables
--

--
-- AUTO_INCREMENT for table `about_content`
--
ALTER TABLE `about_content`
  MODIFY `about_content_id` int(11) NOT NULL AUTO_INCREMENT, AUTO_INCREMENT=2;

--
-- AUTO_INCREMENT for table `blog_content`
--
ALTER TABLE `blog_content`
  MODIFY `blog_content_id` int(11) NOT NULL AUTO_INCREMENT;

--
-- AUTO_INCREMENT for table `contact_add`
--
ALTER TABLE `contact_add`
  MODIFY `contact_add_id` int(11) NOT NULL AUTO_INCREMENT;

--
-- AUTO_INCREMENT for table `home_icon`
--
ALTER TABLE `home_icon`
  MODIFY `id` int(11) NOT NULL AUTO_INCREMENT, AUTO_INCREMENT=4;

--
-- AUTO_INCREMENT for table `home_slider`
--
ALTER TABLE `home_slider`
  MODIFY `slider_id` int(11) NOT NULL AUTO_INCREMENT, AUTO_INCREMENT=70;

--
-- AUTO_INCREMENT for table `offers`
--
ALTER TABLE `offers`
  MODIFY `offers_id` int(11) NOT NULL AUTO_INCREMENT, AUTO_INCREMENT=11;

--
-- AUTO_INCREMENT for table `order_cart`
--
ALTER TABLE `order_cart`
  MODIFY `order_cart_id` int(11) NOT NULL AUTO_INCREMENT;

--
-- AUTO_INCREMENT for table `organic_menu`
--
ALTER TABLE `organic_menu`
  MODIFY `organic_menu_id` int(11) NOT NULL AUTO_INCREMENT, AUTO_INCREMENT=3;

--
-- AUTO_INCREMENT for table `pincode_price`
--
ALTER TABLE `pincode_price`
  MODIFY `pincode_price_id` int(11) NOT NULL AUTO_INCREMENT, AUTO_INCREMENT=18;

--
-- AUTO_INCREMENT for table `privacy`
--
ALTER TABLE `privacy`
  MODIFY `privacy_id` int(11) NOT NULL AUTO_INCREMENT, AUTO_INCREMENT=3;

--
-- AUTO_INCREMENT for table `product`
--
ALTER TABLE `product`
  MODIFY `product_id` int(11) NOT NULL AUTO_INCREMENT, AUTO_INCREMENT=23;

--
-- AUTO_INCREMENT for table `product_image`
--
ALTER TABLE `product_image`
  MODIFY `product_image_id` int(11) NOT NULL AUTO_INCREMENT, AUTO_INCREMENT=271;

--
-- AUTO_INCREMENT for table `services`
--
ALTER TABLE `services`
  MODIFY `customer_id` int(11) NOT NULL AUTO_INCREMENT;

--
-- AUTO_INCREMENT for table `social_media`
--
ALTER TABLE `social_media`
  MODIFY `social_media_id` int(11) NOT NULL AUTO_INCREMENT, AUTO_INCREMENT=10;

--
-- AUTO_INCREMENT for table `sub_category`
--
ALTER TABLE `sub_category`
  MODIFY `sub_category_id` int(11) NOT NULL AUTO_INCREMENT, AUTO_INCREMENT=3;

--
-- AUTO_INCREMENT for table `terms`
--
ALTER TABLE `terms`
  MODIFY `terms_id` int(11) NOT NULL AUTO_INCREMENT, AUTO_INCREMENT=3;

--
-- AUTO_INCREMENT for table `wishlist`
--
ALTER TABLE `wishlist`
  MODIFY `wishlist_id` int(12) NOT NULL AUTO_INCREMENT;
COMMIT;

